39
What is the value of 104 + -1 + 18 + (18 - (3 - -30)) + 9?
115
30 + (-290 + 307 - (-1 - -19) - (-2 + -9))
40
77 + -51 + (4 - 3) - 7
20
Calculate -10 - (71 + -106 + -27).
52
What is (9 - (-114 - -41)) + -77?
5
What is 4 + (-17 + (-1 - -8) + -1 - 56 - -4)?
-59
(-64 - -130) + -88 - (24 - 3)
-43
Evaluate -5 + 23 + -42 + 8 - (26 + -13).
-29
What is the value of 1 + -1 + (-27 - 5) + 23 + 18 - 27?
-18
74 + -57 + 44 + -55
6
Evaluate (-139 - (-92 + 29)) + 0.
-76
(-1 - (-2 + -37 - 3 - -1)) + (-2839 - -2845)
46
-47 + -6 + (-317 - -436)
66
Calculate (-348 - -316) + 96 + -4.
60
What is -549 + 529 + (110 - (5 + -2 + 1))?
86
Evaluate 51 + -131 + 44 - -44 - (-2 - -81).
-71
Evaluate -9 + 47 + -40 + 6 + 47.
51
Calculate 0 + -29 + (-134 - (-34 + -117)).
-12
What is the value of 7 + -8 + (2 - 0) - (124 + -18 - 99)?
-6
Evaluate (-1 - 9) + -749 + 775.
16
What is the value of 6 + 31 - (-44 - -86)?
-5
What is the value of 31 - (15 - (129 - 29))?
116
1 + 10 + -28 + -6 + 18 + 27
22
-6 + -50 + (518 - 544) + (26 - 0)
-56
What is -1 - 31 - (117 - (-79 - -187))?
-41
-9 - -2 - (-12 + 8 - -22) - (1 + -11)
-15
What is 104 + -155 + 162 - 27?
84
Evaluate -2 + (-56 - 0) - ((-13 - 23) + 62 + -16).
-68
Evaluate (-2 + 0 - -1) + (1091 - 1082).
8
-2 + (-15 + 4 + 85 + -6 - 4)
62
Calculate (20 - -36) + -18 + 24.
62
What is -12 + (-8 - (-8 - (8 - 5)))?
-9
Evaluate 23 + -38 - (-26 + 20).
-9
What is 26 + 5 + -16 + (-3 - (-18 - -3))?
27
-16 + 2 + 41 - (-2 + (15 - 3))
17
Evaluate 515 + -571 + 81 + -3.
22
-1 - (9 + (-39 - -8))
21
(5 - (5 + 37)) + -38 + (1 - -28)
-46
What is the value of -18 - (1 + -50 + -33)?
64
7 + -5 + (65 - 119)
-52
Evaluate (16 - 18 - (-8 + 1)) + 32 - (-11 + 15).
33
-19 - ((36 - 47) + -56)
48
Evaluate (86 - (146 - 106)) + 28.
74
What is (24 - 0) + -29 + (78 - (0 - -3) - 2)?
68
Calculate 32 - (79 - 20) - (22 + -9).
-40
What is -114 - (-87 + 65) - (8 - 1) - 9 - 6?
-114
What is the value of -10 + (-59 - -55 - -63)?
49
What is the value of 57 - 59 - -64 - 49?
13
Calculate 86 + (101 - 119) + (-3 - (-3 + 7)).
61
Evaluate (-8 + 9 - (-14 - -2)) + (-26 - (-174 + 33)).
128
22 + (-59 + -13 - -51)
1
What is the value of 2 - -5 - (-9 + 54 + -89)?
51
-39 - (-10 + 17 + -12 + -17)
-17
-95 + -30 + 63 - -151
89
Evaluate 22 - (-17 - -21) - (-5 - -5).
18
-118 - (-231 + (75 - -47))
-9
20 + 58 + -41 - 12
25
What is the value of 57 - 1 - (-1 + 1 + -41 + -132 + 170)?
59
Evaluate -3 + (0 - -1) + (-29 + -9 - (-148 + 118)).
-10
Evaluate (-11 - 8) + 11 + 14 - (43 - 0).
-37
Evaluate -17 + -2 + (-8 - 42 - (-73 - -48)).
-44
Calculate -19 - 1 - (295 + -333).
18
What is the value of -19 + 110 + -91 + 22 + -2?
20
What is the value of -31 + (46 - (61 + -10))?
-36
Evaluate (-37 - -13) + -43 - -26.
-41
Evaluate 284 + -289 + (-1 + -2 - (-9 - -10)) + -51.
-60
Calculate -39 - (35 - (39 - -12)).
-23
What is (25 - 38) + -52 + 9 + -19 + 18 + -5?
-62
What is the value of -9 + -8 + 3 + -65?
-79
What is -30 + 61 + 13 - 50?
-6
What is -17 + -2 + (-8 + 40 - 49)?
-36
Evaluate (-61 - 2) + 0 - ((-97 - -136) + -42).
-60
1 + 2 + 1 + (-11 - -6) + -59 + 2
-58
Evaluate 1 + (27 - 18) + -36 - -107.
81
What is 55 - (24 + 17) - -22?
36
(33 - 20) + -35 - -5 - (48 + -3)
-62
What is the value of -6 - (-60 + 48 + -31)?
37
Evaluate (-2 + -6 - (-12 - -1)) + (-8 - -7 - -4).
6
7 - 167 - (-2029 + 2008)
-139
What is the value of -36 + (-18 - -58) - (1 + -2) - (-11 - -5)?
11
Evaluate -3 + -1 + (242 - (-226 + 345)).
119
Evaluate (44 - 43 - -71) + -55.
17
What is 179 + -171 - ((-7 - -3) + (0 - -5 - 1))?
8
Evaluate -14 + -10 + (94 + -85 - (-1 - -12)).
-26
Evaluate (-4 - (-20 - (-23 - -14))) + -15 + 7.
-1
Evaluate (-36 - -37) + 31 + 20.
52
What is -76 - (102 - (371 + -77))?
116
What is the value of (1 + -35 - -42) + 27?
35
What is -10 - (-10 - -11) - ((16 - 11) + -4 - 43)?
31
What is the value of 11 - (-107 - (7 + -95) - (0 + 27))?
57
What is (-33 - (-34 + 47)) + 78?
32
Evaluate 38 - 31 - (-4 - (-6 - (-23 - 5))).
33
78 - 38 - 78 - (-2 - 11)
-25
What is -39 - (7 + 5 + 1 + -13)?
-39
-80 - -175 - 2 - 12
81
What is the value of -6 + 24 - (-6 - (-16 + 17)) - 14?
11
Calculate 23 + -21 + (1 + 18 - 4).
17
Evaluate 15 - ((-27 - (1 + -17)) + 0 + 23).
3
What is the value of (-3565 - -3561) + 93 + 1?
90
Calculate (21 - 10) + -10 + (5 - -40) + 5.
51
Evaluate -34 - (-20 - -31 - 56) - 93.
-82
Evaluate (9 - 7 - -70) + -24 - -5.
53
What is the value of 70 + (43 - (202 - 37))?
-52
Evaluate -293 + 293 - (-7 - 27).
34
What is the value of -25 + (-3 - -41 - 27) + (29 - -4)?
19
(28 - -1 - 6 - 12) + -16 - 1
-6
What is (-3 + 2 - 3) + -3 + 36 + -20?
9
(-1 - -38) + 49 + -54 + (11 - 3)
40
Calculate -25 + (10 + 0 + 0 - (-422 - -424)).
-17
What is 55 + (-26 - -31) + -88 + (5 - -1)?
-22
What is the value of 28 + 31 + (-75 - -25)?
9
Evaluate -29 + 101 + -5 + 23 + -4 + 17.
103
What is the value of -475 + 431 - (-1 + -33)?
-10
Evaluate 18 + -44 - (93 - 41).
-78
Calculate -17 + (-22 + 90 - 23) + -13.
15
-10 - 9 - (-47 + (-39 - -12))
55
What is (0 - (-9 + 1 + -2)) + (28 - 21)?
17
Evaluate 0 - -4 - (-235 - -242 - (-3 - 1)).
-7
What is the value of -2 + (11 - -121) - 47?
83
-1 - -8 - (41 - -5 - 35) - 7
-11
What is 13 - (-16 + (32 - -17))?
-20
What is -3 - -18 - (-18 + -21 + 37 + 14)?
3
What is (-271 - -288) + (-74 - (-5 - -2))?
-54
What is the value of -132 - (-62 + 34) - -84?
-20
Calculate 10 + 11 + (-56 + 10 - -25).
0
What is (-29 - (3 + 2)) + -31?
-65
Calculate 10 + (-69 - -92) + 1 + -42.
-8
What is -44 - (26 - 40 - -44)?
-74
What is the value of 5 - 11 - (-27 - 40)?
61
Evaluate 4 + -3 + 67 + -7 + (6 - 12 - -4).
59
What is -42 - (69 + (-178 - -96))?
-29
What is 10 + 2 + 8 + 7 + -5 - -9?
31
18 - (-8 + -4) - (-6 - -5)
31
Evaluate (-69 - (-22 + -34)) + (27 - 2).
12
What is the value of (0 - 8) + (-34 - (6 - 39))?
-9
Calculate 1 + 43 + (11 - (23 + 5)).
27
-6 - -33 - (116 - 204 - -28)
87
Calculate 42 - (40 + 11 - 9).
0
Evaluate (-13 - -2) + -32 + (-17 - -46) - -13.
-1
What is the value of 0 + 1 - (15407 - 15492)?
86
What is the value of -2 + (-2 - 0 - 2) + -615 + 618 + -9?
-12
(-12 - -3) + 3 - 7 - 18
-31
What is the value of (-5 - -18 - (19 - -6)) + 52?
40
-1 + 4 - (-2 + -39) - (-5934 - -5937)
41
Evaluate 21 + 28 - 25 - (-5 - (7 + 1)).
37
Evaluate (16 - 28) + 9 - (7 - (69 + -7)).
52
Evaluate -224 + 60 + -164 + 212.
-116
Evaluate -23 + (-1 + 3 + 0 - (787 + -779)).
-29
(71 - 60) + 20 + -110
-79
Evaluate 0 + 6 + 19 + -12 + 24 + 37 + -19.
55
7 + 8 + (-13 - -8) + (21 - -3)
34
Calculate 10 - (-2 - (-28 + 12 - 6)).
-10
Calculate (0 - 0 - -82) + (-21 - (11 + -16)) + 18.
84
What is the value of (149 - 170) + -3 + 3 - 69 - (-9 - 1)?
-80
What is the value of (-50 - -5) + (-21 - (-3 - 22) - -10)?
-31
Calculate 54 - ((12 + 4 - 2) + -16 - -12).
44
91 + -28 - 54 - 9
0
Calculate 18 + 6 + (2 + 2 - 33).
-5
Calculate -68 + 26 + 47 - (-17 - -2).
20
Calculate 76 - 1 - (-57 - (59 + -79 + -20)).
92
Evaluate (-1 - -49) + (48 - ((60 - 32) + 33)).
35
What is -6 + 28 + -4 + (10 - 35)?
-7
What is (0 - -48 - (-23 - (-2 - 30))) + (5 - 11)?
33
Evaluate -5 - ((-9 - -4) + 94 + -99).
5
Evaluate -15 + 41 + (33 - 32).
27
What is -5 - (12 + (-39 - -19))?
3
Evaluate (60 - -2) + (-22 - (5 - 33 - -15)).
53
Calculate (24 - 8) + (1 - 40) + 157.
134
What is the value of -22 + (63 - (9 + -26) - -23)?
81
What is 10 + (45 - 5 - (-61 - -75))?
36
Calculate (4 - (-3 - -9)) + (-18 - (0 + 18)) + 2.
-36
-25 - (-1 - (-41 - (1 - 15)))
-51
Evaluate (-15 - (-13 + 15)) + 55 - (5 + 3).
30
-203 + 208 - ((-2 - -2) + (-4 - 95) - -2)
102
What is 6 - (-29 - (11 + -9)) - (21 + -8)?
24
Evaluate (-8 - (-2 + (-33 - -75))) + 20.
-28
(-40 - -152) + -25 - 53
34
What is 103 - (17 - (3 + (34 - 41)))?
82
What is 0 + 22 + 3 + 0 + 263 + -265?
23
What is -37 + 0 - (2487 + -2522)?
-2
What is the value of -29 - (11 + -21 + 13 + -10)?
-22
Calculate 9 + (16 - 0) + 34 + (-31 - 6).
22
What is (11 - (43 - -2)) + -157 + 151?
-40
What is 10 + 6 - -2 - 102 - -24?
-60
(3 - (1 - -5) - (-1 - -7)) + -252 + 209
-52
(-60 - (17 - 11)) + 16 + (-10 - -9)
-51
What is -14 + -24 - ((-8 - -3) + (54 - 70))?
-17
Calculate (-4 - 7) + 38 - (-9 + -4 + 10).
30
Evaluate (-111 - (22 + -86)) + 110.
63
What is the value of (0 - 7) + 5 + 7 + 6 + -26 + -2?
-17
Calculate 7 + 8 + -4 - ((-11 - 21) + 12 + 110).
-79
What is the value of 50 + (-45 - -2) + -16?
-9
What is 34 + (2 - 2) - 1 -